{"id":1288,"date":"2023-01-09T09:39:42","date_gmt":"2023-01-09T09:39:42","guid":{"rendered":"https:\/\/fgmgp.usthb.dz\/?page_id=1288"},"modified":"2023-01-09T09:59:04","modified_gmt":"2023-01-09T09:59:04","slug":"bourse-en-hongrie","status":"publish","type":"page","link":"https:\/\/fgmgp.usthb.dz\/index.php\/bourse-en-hongrie\/","title":{"rendered":"Bourse en Hongrie"},"content":{"rendered":"\n<div class=\"wp-block-group\"><div class=\"wp-block-group__inner-container is-layout-flow wp-block-group-is-layout-flow\">\n<p>Une inscription \u00e0 une bourse en Hongrie est ouverte pour les majors de promotion dans les deux cycle de Formation (Master et Doctorat)<\/p>\n\n\n\n<p>Veuillez t\u00e9l\u00e9charger les documents suivant et replire ce qui doit \u00eatre rempli par l&#8217;\u00e9tudiant et laisser cer qui doit \u00eatre repmpli par l&#8217;\u00e9tablissement \u00e0 l&#8217;\u00e9tablissement de le remplire : <\/p>\n\n\n\n<ul class=\"wp-block-list\"><li><span style=\"font-size: 1rem;\">Attestation &#8211; Etudiant &#8211;> <\/span><a rel=\"noreferrer noopener\" style=\"font-size: 1rem;\" href=\"\/wp-content\/uploads\/2023\/01\/Attestation-Etudiant-X-etoiles.doc\" target=\"_blank\">Cliqure-ici<\/a><\/li><li>Attestation -Major &#8211;> <a rel=\"noreferrer noopener\" href=\"\/wp-content\/uploads\/2023\/01\/Attestation-Major.doc\" target=\"_blank\">Cliqure-ici<\/a><\/li><li>Fiche de candidature \u00e0 une bourse en Hongrie 2023-2024 &#8211;> <a rel=\"noreferrer noopener\" href=\"\/wp-content\/uploads\/2023\/01\/Fiche-de-candidature-a-une-bourse-en-Hongrie-2023-2024.pdf\" target=\"_blank\">Cliquer-ici<\/a><\/li><li>Fiche de controle de dossier du candidat HONGRIE MASTER 2023-2024 &#8211;> <a rel=\"noreferrer noopener\" href=\"\/wp-content\/uploads\/2023\/01\/Fiche-de-controle-de-dossier-du-candidat-HONGRIE-MASTER-2023-2024.doc\" target=\"_blank\">Cliquer-ici<\/a><\/li><li>Fiche de controle de dossier du candidat HONGRIE PhD 2023-2024 &#8211;> <a rel=\"noreferrer noopener\" href=\"\/wp-content\/uploads\/2023\/01\/Fiche-de-controle-de-dossier-du-candidat-HONGRIE-PhD-2023-2024.doc\" target=\"_blank\">Cliquer-ici<\/a><\/li><li>Fiche d&#8217;informations sur les les obtenues durant le cursus universitaire MASTER &#8211;> <a rel=\"noreferrer noopener\" href=\"\/wp-content\/uploads\/2023\/01\/Fiche-dinformations-sur-les-les-obtenues-durant-le-cursus-universitaire-MASTER.docx\" target=\"_blank\">Cliquer-ici<\/a><\/li><li>Fiche d&#8217;informations sur les les obtenues durant le cursus universitaire PhD &#8211;> <a rel=\"noreferrer noopener\" href=\"\/wp-content\/uploads\/2023\/01\/Fiche-dinformations-sur-les-les-obtenues-durant-le-cursus-universitaire-PhD.docx\" target=\"_blank\">Cliquer-ici<\/a><\/li><\/ul>\n\n\n\n<p><\/p>\n<\/div><\/div>\n\n\n\n<p><\/p>\n","protected":false},"excerpt":{"rendered":"<p>Une inscription \u00e0 une bourse en Hongrie est ouverte pour les majors de promotion dans les deux cycle de Formation <span class=\"readmore\"><a href=\"https:\/\/fgmgp.usthb.dz\/index.php\/bourse-en-hongrie\/\">Suite<\/a><\/span><\/p>\n","protected":false},"author":1,"featured_media":1297,"parent":0,"menu_order":0,"comment_status":"closed","ping_status":"closed","template":"","meta":{"footnotes":""},"class_list":["post-1288","page","type-page","status-publish","has-post-thumbnail","hentry"],"_links":{"self":[{"href":"https:\/\/fgmgp.usthb.dz\/index.php\/wp-json\/wp\/v2\/pages\/1288","targetHints":{"allow":["GET"]}}],"collection":[{"href":"https:\/\/fgmgp.usthb.dz\/index.php\/wp-json\/wp\/v2\/pages"}],"about":[{"href":"https:\/\/fgmgp.usthb.dz\/index.php\/wp-json\/wp\/v2\/types\/page"}],"author":[{"embeddable":true,"href":"https:\/\/fgmgp.usthb.dz\/index.php\/wp-json\/wp\/v2\/users\/1"}],"replies":[{"embeddable":true,"href":"https:\/\/fgmgp.usthb.dz\/index.php\/wp-json\/wp\/v2\/comments?post=1288"}],"version-history":[{"count":2,"href":"https:\/\/fgmgp.usthb.dz\/index.php\/wp-json\/wp\/v2\/pages\/1288\/revisions"}],"predecessor-version":[{"id":1299,"href":"https:\/\/fgmgp.usthb.dz\/index.php\/wp-json\/wp\/v2\/pages\/1288\/revisions\/1299"}],"wp:featuredmedia":[{"embeddable":true,"href":"https:\/\/fgmgp.usthb.dz\/index.php\/wp-json\/wp\/v2\/media\/1297"}],"wp:attachment":[{"href":"https:\/\/fgmgp.usthb.dz\/index.php\/wp-json\/wp\/v2\/media?parent=1288"}],"curies":[{"name":"wp","href":"https:\/\/api.w.org\/{rel}","templated":true}]}}