{"id":1450,"date":"2023-04-13T09:10:51","date_gmt":"2023-04-13T09:10:51","guid":{"rendered":"https:\/\/fgmgp.usthb.dz\/?page_id=1450"},"modified":"2023-04-16T08:45:40","modified_gmt":"2023-04-16T08:45:40","slug":"journee-nationale-du-savoir","status":"publish","type":"page","link":"https:\/\/fgmgp.usthb.dz\/index.php\/journee-nationale-du-savoir\/","title":{"rendered":"Journ\u00e9e Nationale du savoir"},"content":{"rendered":"\n<div class=\"wp-block-group\"><div class=\"wp-block-group__inner-container is-layout-flow wp-block-group-is-layout-flow\">\n<p>C\u00e9l\u00e9bration de la&nbsp;Journ\u00e9e du Savoir&nbsp;(Yaoum El Ilm) et du 83<sup>\u00e8me<\/sup> anniversaire du d\u00e9c\u00e8s de Cheikh Abdelhamid Ibn Badis.<\/p>\n\n\n\n<div class=\"wp-block-image\"><figure class=\"aligncenter size-full is-resized\"><img loading=\"lazy\" decoding=\"async\" src=\"https:\/\/fgmgp.usthb.dz\/wp-content\/uploads\/2023\/04\/youm_el_ilm.png\" alt=\"\" class=\"wp-image-1451\" width=\"353\" height=\"211\"\/><\/figure><\/div>\n\n\n\n<p>A l\u2019occasion de la journ\u00e9e nationale du savoir, c\u00e9l\u00e9br\u00e9e le 16 Avril de chaque ann\u00e9e et institu\u00e9e en hommage au c\u00e9l\u00e8bre savant Abdelhamid Ibn Badis, au savoir et aux savants de la soci\u00e9t\u00e9, <strong>le laboratoire de G\u00e9nie de la r\u00e9action<\/strong> organise une journ\u00e9e scientifique d\u00e9di\u00e9e \u00e0 la pr\u00e9sentation de quelques travaux de recherche du laboratoire \u00e0 la salle de conf\u00e9rences de la facult\u00e9 de G\u00e9nie des Proc\u00e9d\u00e9s et G\u00e9nie M\u00e9canique.<\/p>\n\n\n\n<p><a href=\"\/wp-content\/uploads\/2023\/04\/programme_16_avril.pdf\" target=\"_blank\" rel=\"noreferrer noopener\">Cliquer-ici <\/a>pour consulter le d\u00e9tail de la journ\u00e9e <\/p>\n<\/div><\/div>\n\n\n\n<p><\/p>\n","protected":false},"excerpt":{"rendered":"<p>C\u00e9l\u00e9bration de la&nbsp;Journ\u00e9e du Savoir&nbsp;(Yaoum El Ilm) et du 83\u00e8me anniversaire du d\u00e9c\u00e8s de Cheikh Abdelhamid Ibn Badis. A l\u2019occasion <span class=\"readmore\"><a href=\"https:\/\/fgmgp.usthb.dz\/index.php\/journee-nationale-du-savoir\/\">Suite<\/a><\/span><\/p>\n","protected":false},"author":1,"featured_media":1453,"parent":0,"menu_order":0,"comment_status":"closed","ping_status":"closed","template":"","meta":{"footnotes":""},"class_list":["post-1450","page","type-page","status-publish","has-post-thumbnail","hentry"],"_links":{"self":[{"href":"https:\/\/fgmgp.usthb.dz\/index.php\/wp-json\/wp\/v2\/pages\/1450","targetHints":{"allow":["GET"]}}],"collection":[{"href":"https:\/\/fgmgp.usthb.dz\/index.php\/wp-json\/wp\/v2\/pages"}],"about":[{"href":"https:\/\/fgmgp.usthb.dz\/index.php\/wp-json\/wp\/v2\/types\/page"}],"author":[{"embeddable":true,"href":"https:\/\/fgmgp.usthb.dz\/index.php\/wp-json\/wp\/v2\/users\/1"}],"replies":[{"embeddable":true,"href":"https:\/\/fgmgp.usthb.dz\/index.php\/wp-json\/wp\/v2\/comments?post=1450"}],"version-history":[{"count":4,"href":"https:\/\/fgmgp.usthb.dz\/index.php\/wp-json\/wp\/v2\/pages\/1450\/revisions"}],"predecessor-version":[{"id":1471,"href":"https:\/\/fgmgp.usthb.dz\/index.php\/wp-json\/wp\/v2\/pages\/1450\/revisions\/1471"}],"wp:featuredmedia":[{"embeddable":true,"href":"https:\/\/fgmgp.usthb.dz\/index.php\/wp-json\/wp\/v2\/media\/1453"}],"wp:attachment":[{"href":"https:\/\/fgmgp.usthb.dz\/index.php\/wp-json\/wp\/v2\/media?parent=1450"}],"curies":[{"name":"wp","href":"https:\/\/api.w.org\/{rel}","templated":true}]}}