{"id":1545,"date":"2023-05-15T18:20:50","date_gmt":"2023-05-15T18:20:50","guid":{"rendered":"https:\/\/fgmgp.usthb.dz\/?page_id=1545"},"modified":"2023-05-15T18:22:18","modified_gmt":"2023-05-15T18:22:18","slug":"travaux-dentretien-et-de-renovation-au-profit-de-fgmgp","status":"publish","type":"page","link":"https:\/\/fgmgp.usthb.dz\/index.php\/travaux-dentretien-et-de-renovation-au-profit-de-fgmgp\/","title":{"rendered":"Travaux d&#8217;entretien et de r\u00e9novation au profit de FGMGP"},"content":{"rendered":"\n<div class=\"wp-block-group\"><div class=\"wp-block-group__inner-container is-layout-flow wp-block-group-is-layout-flow\">\n<h3 class=\"wp-block-heading\">Travaux d&#8217;entretien et de r\u00e9novation au profit de FGMGP<\/h3>\n\n\n\n<p>Les travaux d&#8217;entretien et de r\u00e9novation au profit de FGMGP qui sont li\u00e9s \u00e0 la <a href=\"\/index.php\/avis-de-consultation-n-04-fgmgp-2023\/\">consultation N\u00b004\/2023<\/a> sur les lots 01 et 03 sont accord\u00e9s aux soci\u00e9t\u00e9s  cit\u00e9e dans le tableau ci-apr\u00e8s avec le d\u00e9tails de la proposition &#8212; <a href=\"\/wp-content\/uploads\/2023\/05\/20230515_151213.pdf\" target=\"_blank\" rel=\"noreferrer noopener\">D\u00e9tail de la proposition<\/a>  <\/p>\n<\/div><\/div>\n\n\n\n<p><\/p>\n","protected":false},"excerpt":{"rendered":"<p>Travaux d&#8217;entretien et de r\u00e9novation au profit de FGMGP Les travaux d&#8217;entretien et de r\u00e9novation au profit de FGMGP qui <span class=\"readmore\"><a href=\"https:\/\/fgmgp.usthb.dz\/index.php\/travaux-dentretien-et-de-renovation-au-profit-de-fgmgp\/\">Suite<\/a><\/span><\/p>\n","protected":false},"author":1,"featured_media":0,"parent":0,"menu_order":0,"comment_status":"closed","ping_status":"closed","template":"","meta":{"footnotes":""},"class_list":["post-1545","page","type-page","status-publish","hentry"],"_links":{"self":[{"href":"https:\/\/fgmgp.usthb.dz\/index.php\/wp-json\/wp\/v2\/pages\/1545","targetHints":{"allow":["GET"]}}],"collection":[{"href":"https:\/\/fgmgp.usthb.dz\/index.php\/wp-json\/wp\/v2\/pages"}],"about":[{"href":"https:\/\/fgmgp.usthb.dz\/index.php\/wp-json\/wp\/v2\/types\/page"}],"author":[{"embeddable":true,"href":"https:\/\/fgmgp.usthb.dz\/index.php\/wp-json\/wp\/v2\/users\/1"}],"replies":[{"embeddable":true,"href":"https:\/\/fgmgp.usthb.dz\/index.php\/wp-json\/wp\/v2\/comments?post=1545"}],"version-history":[{"count":1,"href":"https:\/\/fgmgp.usthb.dz\/index.php\/wp-json\/wp\/v2\/pages\/1545\/revisions"}],"predecessor-version":[{"id":1547,"href":"https:\/\/fgmgp.usthb.dz\/index.php\/wp-json\/wp\/v2\/pages\/1545\/revisions\/1547"}],"wp:attachment":[{"href":"https:\/\/fgmgp.usthb.dz\/index.php\/wp-json\/wp\/v2\/media?parent=1545"}],"curies":[{"name":"wp","href":"https:\/\/api.w.org\/{rel}","templated":true}]}}