{"id":1555,"date":"2023-05-30T09:39:39","date_gmt":"2023-05-30T09:39:39","guid":{"rendered":"https:\/\/fgmgp.usthb.dz\/?page_id=1555"},"modified":"2023-05-30T13:42:22","modified_gmt":"2023-05-30T13:42:22","slug":"reclamation","status":"publish","type":"page","link":"https:\/\/fgmgp.usthb.dz\/index.php\/reclamation\/","title":{"rendered":"Recours"},"content":{"rendered":"\n<div class=\"wp-block-group\"><div class=\"wp-block-group__inner-container is-layout-flow wp-block-group-is-layout-flow\">\n<div class=\"wp-block-group\"><div class=\"wp-block-group__inner-container is-layout-flow wp-block-group-is-layout-flow\">\n<p>Si vous \u00eates en <strong>L3 G\u00e9nie des Proc\u00e9d\u00e9s<\/strong>, veuillez v\u00e9rifier si votre nom figure sur la liste de d\u00e9lib\u00e9ration du S5 (L3 S1), et que vos notes sont correctes en <a rel=\"noreferrer noopener\" href=\"\/wp-content\/uploads\/2023\/05\/Deliberation_2022_2023-L3.pdf\" target=\"_blank\">cliquant-ici<\/a><\/p>\n<\/div><\/div>\n\n\n\n<div class=\"wp-block-group\"><div class=\"wp-block-group__inner-container is-layout-flow wp-block-group-is-layout-flow\">\n<p>Si vous \u00eates passer en <strong>L3 G\u00e9nie des Proc\u00e9d\u00e9s avec des dettes en S3<\/strong>, veuillez v\u00e9rifier si votre nom figure sur la liste de d\u00e9lib\u00e9ration dettes du S3 (L2 GP S1), et que vos notes sont correctes en <a rel=\"noreferrer noopener\" href=\"\/wp-content\/uploads\/2023\/05\/bilan_globa_dette-1.pdf\" target=\"_blank\">cliquant-ici<\/a><\/p>\n<\/div><\/div>\n\n\n\n<div class=\"wp-block-group\"><div class=\"wp-block-group__inner-container is-layout-flow wp-block-group-is-layout-flow\">\n<p>Si vous \u00eates en <strong>L2 G\u00e9nie des Proc\u00e9d\u00e9s<\/strong>, veuillez v\u00e9rifier si votre nom figure sur la liste de d\u00e9lib\u00e9ration du S3 (L2 GP S1), et que vos notes sont correctes en <a href=\"\/wp-content\/uploads\/2023\/05\/Deliberation_2022_2023-S1.pdf\" target=\"_blank\" rel=\"noreferrer noopener\">cliquant-ici<\/a><\/p>\n<\/div><\/div>\n<\/div><\/div>\n\n\n\n<div class=\"wp-block-group\"><div class=\"wp-block-group__inner-container is-layout-flow wp-block-group-is-layout-flow\">\n<div class=\"wp-block-group\"><div class=\"wp-block-group__inner-container is-layout-flow wp-block-group-is-layout-flow\">\n<p>Si vous \u00eates en <strong>L3 en G\u00e9nie des Mat\u00e9riaux<\/strong>, veuillez v\u00e9rifier si votre nom figure sur la liste de d\u00e9lib\u00e9ration du S5 (L3 S1), et que vos notes sont correctes en <a href=\"\/wp-content\/uploads\/2023\/05\/Deliberation-GM-S1-22.23.pdf\" target=\"_blank\" rel=\"noreferrer noopener\">cliquant-ici<\/a><\/p>\n<\/div><\/div>\n\n\n\n<div class=\"wp-block-group\"><div class=\"wp-block-group__inner-container is-layout-flow wp-block-group-is-layout-flow\">\n<p>Si vous \u00eates en <strong>L3 en Construction M\u00e9canique<\/strong>, veuillez v\u00e9rifier si votre nom figure sur la liste de d\u00e9lib\u00e9ration du S5 (L3 S1), et que vos notes sont correctes en <a href=\"\/wp-content\/uploads\/2023\/05\/Deliberation-L3-CM-S1-22.23.pdf\" target=\"_blank\" rel=\"noreferrer noopener\">cliquant-ici<\/a><\/p>\n<\/div><\/div>\n\n\n\n<div class=\"wp-block-group\"><div class=\"wp-block-group__inner-container is-layout-flow wp-block-group-is-layout-flow\">\n<p>Si vous \u00eates en <strong>L3 en Energ\u00e9tique<\/strong>, veuillez v\u00e9rifier si votre nom figure sur la liste de d\u00e9lib\u00e9ration du S5 (L3 S1), et que vos notes sont correctes en <a href=\"\/wp-content\/uploads\/2023\/05\/Deliberation-ENRG-S1-22.23.pdf\" target=\"_blank\" rel=\"noreferrer noopener\">cliquant-ici<\/a><\/p>\n<\/div><\/div>\n\n\n\n<div class=\"wp-block-group\"><div class=\"wp-block-group__inner-container is-layout-flow wp-block-group-is-layout-flow\">\n<p>Si vous \u00eates en <strong>L2 en G\u00e9nie M\u00e9canique<\/strong>, veuillez v\u00e9rifier si votre nom figure sur la liste de d\u00e9lib\u00e9ration du S3 (L2 S1), et que vos notes sont correctes en <a href=\"\/wp-content\/uploads\/2023\/05\/Deliberation-L2-GM-S1-22.23.pdf\" target=\"_blank\" rel=\"noreferrer noopener\">cliquant-ici<\/a><\/p>\n<\/div><\/div>\n\n\n\n<div class=\"wp-block-group\"><div class=\"wp-block-group__inner-container is-layout-flow wp-block-group-is-layout-flow\">\n<p> Si vous \u00eates passer en <strong>L3 G\u00e9nie M\u00e9canique avec des dettes en S3<\/strong>, veuillez v\u00e9rifier si votre nom figure sur la liste de d\u00e9lib\u00e9ration dettes du S3 (L2 S1), et que vos notes sont correctes en <a href=\"\/wp-content\/uploads\/2023\/05\/bilan_globa_dette-GM-22.23-S1.pdf\" target=\"_blank\" rel=\"noreferrer noopener\">cliquant-ici<\/a> <\/p>\n<\/div><\/div>\n<\/div><\/div>\n\n\n\n<div class=\"wp-block-group alignwide\"><div class=\"wp-block-group__inner-container is-layout-flow wp-block-group-is-layout-flow\">\n<p class=\"has-text-align-center has-white-background-color has-background\" style=\"font-size:22px\"><strong>Si vous avez un recours \u00e0 faire, veuillez <a href=\"https:\/\/docs.google.com\/forms\/d\/e\/1FAIpQLScMvn1LCcyqnxKIKFG1KOQAmlJKiNQoK20cZZuT5qVw1O75Vg\/viewform?usp=sf_link\" target=\"_blank\" rel=\"noreferrer noopener\">cliquer-ici<\/a> et remplir le formulaire correctement<\/strong><\/p>\n<\/div><\/div>\n\n\n\n<p><\/p>\n","protected":false},"excerpt":{"rendered":"<p>Si vous \u00eates en L3 G\u00e9nie des Proc\u00e9d\u00e9s, veuillez v\u00e9rifier si votre nom figure sur la liste de d\u00e9lib\u00e9ration du <span class=\"readmore\"><a href=\"https:\/\/fgmgp.usthb.dz\/index.php\/reclamation\/\">Suite<\/a><\/span><\/p>\n","protected":false},"author":1,"featured_media":0,"parent":0,"menu_order":0,"comment_status":"closed","ping_status":"closed","template":"","meta":{"footnotes":""},"class_list":["post-1555","page","type-page","status-publish","hentry"],"_links":{"self":[{"href":"https:\/\/fgmgp.usthb.dz\/index.php\/wp-json\/wp\/v2\/pages\/1555","targetHints":{"allow":["GET"]}}],"collection":[{"href":"https:\/\/fgmgp.usthb.dz\/index.php\/wp-json\/wp\/v2\/pages"}],"about":[{"href":"https:\/\/fgmgp.usthb.dz\/index.php\/wp-json\/wp\/v2\/types\/page"}],"author":[{"embeddable":true,"href":"https:\/\/fgmgp.usthb.dz\/index.php\/wp-json\/wp\/v2\/users\/1"}],"replies":[{"embeddable":true,"href":"https:\/\/fgmgp.usthb.dz\/index.php\/wp-json\/wp\/v2\/comments?post=1555"}],"version-history":[{"count":12,"href":"https:\/\/fgmgp.usthb.dz\/index.php\/wp-json\/wp\/v2\/pages\/1555\/revisions"}],"predecessor-version":[{"id":1583,"href":"https:\/\/fgmgp.usthb.dz\/index.php\/wp-json\/wp\/v2\/pages\/1555\/revisions\/1583"}],"wp:attachment":[{"href":"https:\/\/fgmgp.usthb.dz\/index.php\/wp-json\/wp\/v2\/media?parent=1555"}],"curies":[{"name":"wp","href":"https:\/\/api.w.org\/{rel}","templated":true}]}}