{"id":182,"date":"2022-02-23T08:44:08","date_gmt":"2022-02-23T08:44:08","guid":{"rendered":"http:\/\/193.194.89.196\/?page_id=182"},"modified":"2022-09-11T13:49:39","modified_gmt":"2022-09-11T13:49:39","slug":"service-des-diplomes","status":"publish","type":"page","link":"https:\/\/fgmgp.usthb.dz\/index.php\/service-des-diplomes\/","title":{"rendered":"Service des dipl\u00f4mes"},"content":{"rendered":"\n<p>Le service de dipl\u00f4mes provisoires assure le respect des r\u00e8glements et proc\u00e9dures en vigueur dans la d\u00e9livrance des dipl\u00f4mes.<\/p>\n\n\n\n<figure class=\"wp-block-table\"><table class=\"has-text-color\" style=\"color:#04c908\"><tbody><tr><td class=\"has-text-align-center\" data-align=\"center\"><a href=\"\/index.php\/remise-des-diplomes-2021-2022\/\">Remise des dipl\u00f4mes 2021\/2022 Licence et Master<\/a><\/td><\/tr><\/tbody><\/table><\/figure>\n\n\n\n<h3 class=\"wp-block-heading\">Le service des dipl\u00f4mes s&#8217;occupe de : <\/h3>\n\n\n\n<div class=\"wp-block-group\"><div class=\"wp-block-group__inner-container is-layout-flow wp-block-group-is-layout-flow\">\n<ul class=\"wp-block-list\"><li>Passez en revue les fichiers de base de donn\u00e9e sous l&#8217;obtention du dipl\u00f4me.<\/li><li>Impression des dipl\u00f4mes provisoires (licence et master).<\/li><li>R\u00e9cup\u00e9rer les bases de dipl\u00f4mes au niveau de service dipl\u00f4me de rectorat.<\/li><li>Coordination avec le service de dipl\u00f4mes de rectorat en ce qui concerne les sp\u00e9cialit\u00e9s et les arr\u00eat\u00e9s.<\/li><li>Saisir les noms et lieux de naissances des \u00e9tudiants en arabe sur la base.<\/li><li>Rectification des erreurs sur les dipl\u00f4mes.<\/li><li>Remise des dipl\u00f4mes aux \u00e9tudiants.<\/li><li>Assurer le respect des r\u00e8glements et proc\u00e9dures en vigueur dans la d\u00e9livrance des dipl\u00f4mes.<\/li><li>Archivage de fichiers et configuration d&#8217;une base de donn\u00e9es.<\/li><li>Prise en charge des cas de perte ou d&#8217;endommagement du dipl\u00f4me et rectification des nom, pr\u00e9nom, lieu et date de naissance.<\/li><li>Statistiques des \u00e9tudiants dipl\u00f4m\u00e9s.<\/li><\/ul>\n<\/div><\/div>\n\n\n\n<p><strong>Journ\u00e9es de r\u00e9ception:<\/strong>  Tous les jours de la semaine.<\/p>\n\n\n\n<div class=\"wp-block-group\"><div class=\"wp-block-group__inner-container is-layout-flow wp-block-group-is-layout-flow\">\n<h3 class=\"wp-block-heading\"> PIECES A FOURNIR POUR L\u2019OBTENTION DE DIPLOMES  LICENCE ET MASTER  <\/h3>\n\n\n\n<ul class=\"wp-block-list\"><li>DEMANDE DE DIPLOME (IMPRIME)<\/li><li>EXTRAIT DE NAISSANCE<\/li><li>Carte d\u2019\u00e9tudiant (originale)<\/li><li>QUITUS DE LA BIBLIOTHEQUE CENTRALE<\/li><li>QUITUS DE LA BIBLIOTHEQUE DE LA FACULTE GMGP<\/li><li>RELEVES DE NOTES DE 1<sup>\u00e8re<\/sup> +2<sup>\u00e8me<\/sup> +3<sup>\u00e8me<\/sup> ANNEE (POUR DIPLOMES DE LICENCE)<\/li><li>RELEVES DE NOTES DE 1<sup>\u00e8re<\/sup> +2<sup>\u00e8me<\/sup> ANNEE MASTER (POUR DIPLOMES DE MASTER)<\/li><\/ul>\n<\/div><\/div>\n\n\n\n<div class=\"wp-block-group\"><div class=\"wp-block-group__inner-container is-layout-flow wp-block-group-is-layout-flow\">\n<h3 class=\"wp-block-heading\">NOTE AUX ETUDIANTS DE FIN DE CURSUS LICENCE (L3) ET MASTER 2 (M2)<\/h3>\n\n\n\n<p>Il est demand\u00e9 aux \u00e9tudiants de 3<sup>\u00e8me<\/sup> Ann\u00e9e Licence et 2<sup>\u00e8me<\/sup> Ann\u00e9e Master (GM&amp;GP) de v\u00e9rifier les Noms, pr\u00e9noms et Lieux de naissances (en arabe et fran\u00e7ais) sur les listes affich\u00e9s au niveau des d\u00e9partements <\/p>\n\n\n\n<p>En cas d\u2019erreurs, ils doivent imp\u00e9rativement se rapprocher au service des dipl\u00f4mes de la facult\u00e9 munis de leurs extrait de naissance et de demande de rectification,  faute de quoi le Dipl\u00f4me ne sera pas rectifi\u00e9 <\/p>\n<\/div><\/div>\n\n\n\n<div class=\"wp-block-group\"><div class=\"wp-block-group__inner-container is-layout-flow wp-block-group-is-layout-flow\">\n<h3 class=\"wp-block-heading\">Les demandes \u00e0 remplir <\/h3>\n\n\n\n<ul class=\"wp-block-list\"><li><a href=\"\/wp-content\/uploads\/2022\/09\/annexe-descriptive-licence.docx\" target=\"_blank\" rel=\"noreferrer noopener\">Annexe descriptive pour le dipl\u00f4me de Licence acad\u00e9mique (L3).<\/a><\/li><li><a href=\"\/wp-content\/uploads\/2022\/09\/annexe-descriptive-master.docx\" target=\"_blank\" rel=\"noreferrer noopener\">Annexe descriptive pour le dipl\u00f4me de Master 2 acad\u00e9mique (M2).<\/a><\/li><li><a rel=\"noreferrer noopener\" href=\"\/wp-content\/uploads\/2022\/07\/demande-de-diplome.doc\" target=\"_blank\">Demande de dipl\u00f4me de Licence ou Master (L3 ou M2)<\/a>.<\/li><li><a rel=\"noreferrer noopener\" href=\"\/wp-content\/uploads\/2022\/03\/demande-rectification.pdf\" target=\"_blank\">Demande de rectification<\/a>.<\/li><\/ul>\n<\/div><\/div>\n\n\n\n<p><\/p>\n","protected":false},"excerpt":{"rendered":"<p>Le service de dipl\u00f4mes provisoires assure le respect des r\u00e8glements et proc\u00e9dures en vigueur dans la d\u00e9livrance des dipl\u00f4mes. Remise <span class=\"readmore\"><a href=\"https:\/\/fgmgp.usthb.dz\/index.php\/service-des-diplomes\/\">Suite<\/a><\/span><\/p>\n","protected":false},"author":1,"featured_media":420,"parent":0,"menu_order":0,"comment_status":"closed","ping_status":"closed","template":"","meta":{"footnotes":""},"class_list":["post-182","page","type-page","status-publish","has-post-thumbnail","hentry"],"_links":{"self":[{"href":"https:\/\/fgmgp.usthb.dz\/index.php\/wp-json\/wp\/v2\/pages\/182","targetHints":{"allow":["GET"]}}],"collection":[{"href":"https:\/\/fgmgp.usthb.dz\/index.php\/wp-json\/wp\/v2\/pages"}],"about":[{"href":"https:\/\/fgmgp.usthb.dz\/index.php\/wp-json\/wp\/v2\/types\/page"}],"author":[{"embeddable":true,"href":"https:\/\/fgmgp.usthb.dz\/index.php\/wp-json\/wp\/v2\/users\/1"}],"replies":[{"embeddable":true,"href":"https:\/\/fgmgp.usthb.dz\/index.php\/wp-json\/wp\/v2\/comments?post=182"}],"version-history":[{"count":22,"href":"https:\/\/fgmgp.usthb.dz\/index.php\/wp-json\/wp\/v2\/pages\/182\/revisions"}],"predecessor-version":[{"id":911,"href":"https:\/\/fgmgp.usthb.dz\/index.php\/wp-json\/wp\/v2\/pages\/182\/revisions\/911"}],"wp:featuredmedia":[{"embeddable":true,"href":"https:\/\/fgmgp.usthb.dz\/index.php\/wp-json\/wp\/v2\/media\/420"}],"wp:attachment":[{"href":"https:\/\/fgmgp.usthb.dz\/index.php\/wp-json\/wp\/v2\/media?parent=182"}],"curies":[{"name":"wp","href":"https:\/\/api.w.org\/{rel}","templated":true}]}}