{"id":1930,"date":"2024-09-25T18:15:53","date_gmt":"2024-09-25T18:15:53","guid":{"rendered":"https:\/\/fgmgp.usthb.dz\/?page_id=1930"},"modified":"2024-09-25T18:21:52","modified_gmt":"2024-09-25T18:21:52","slug":"avis-de-consultation-n08-fgmgp-2024","status":"publish","type":"page","link":"https:\/\/fgmgp.usthb.dz\/index.php\/avis-de-consultation-n08-fgmgp-2024\/","title":{"rendered":"Avis de consultation N\u00b008\/FGMGP\/2024"},"content":{"rendered":"\n<p>      La facult\u00e9 de G\u00e9nie M\u00e9canique et de G\u00e9nie des Proc\u00e9d\u00e9s (GM\/GP) lance une consultation, relative \u00e0 l&#8217;acquisition de mat\u00e9riel, fourniture et consommable scientifique.<\/p>\n\n\n\n<p>      Les soumissionnaires int\u00e9ress\u00e9es par la pr\u00e9sente consultation dans les lots suivant:    <\/p>\n\n\n\n<p>01<strong>  Produits chimiques <\/strong>           \/2024<\/p>\n\n\n\n<p>02 <strong>Petit mat\u00e9riel   <\/strong>                     \/2024<\/p>\n\n\n\n<p>03 <strong>Mat\u00e9riel scientifique<\/strong>          \/2024<\/p>\n\n\n\n<p>04  <strong>Quincaillerie   <\/strong>                     \/2024<\/p>\n\n\n\n<p>05 <strong>Accessoire     <\/strong>                        \/2024<\/p>\n\n\n\n<p>06 <strong>Verrerie     <\/strong>                            \/2024<\/p>\n\n\n\n<p>07 <strong>Informatique    <\/strong>                  \/2024<\/p>\n\n\n\n<p>08 <strong>Mobilier   <\/strong>                              \/2024<\/p>\n\n\n\n<p>    Peuvent obtenir, gratuitement, les fiches techniques, en les retirant aupr\u00e8s du service des Moyens G\u00e9n\u00e9raux de ladite facult\u00e9.<\/p>\n\n\n\n<p class=\"has-text-align-left\">Les offres doivent \u00eatre mises dans une enveloppe ferm\u00e9e et anonyme, portant la mention:<strong>                                                         <\/strong><\/p>\n\n\n\n<p class=\"has-text-align-left\"><strong>&lt;&lt;A N&#8217;OUVRIR QUE PAR LA COMMISSION D&#8217;OUVERTURE DES PLIS ET D&#8217;EVALUATION DES OFFRES&gt;&gt; CONSULTATION N\u00b008\/FGMGP\/2024.<\/strong><\/p>\n\n\n\n<p>       La dur\u00e9e de pr\u00e9paration des offres est fix\u00e9e de <strong>Quinze (15) Jours<\/strong>, et ce \u00e0 compter de la premi\u00e8re parution du pr\u00e9sent avis de consultation.<\/p>\n\n\n\n<p>       Par ailleurs, la date limite de d\u00e9p\u00f4t des offres est fix\u00e9e au 10\/10\/2024 \u00e0 12h00<\/p>\n\n\n\n<p>  L&#8217;ouverture des plis se fera en s\u00e9ance publique le meme jours \u00e0 13h00 minute \u00e0 la salle des enseignants.<\/p>\n\n\n\n<p>  Vous pouvez consulter le P.V de l&#8217;avis de consultation en <a href=\"http:\/\/fgmgp.usthb.dz\/wp-content\/uploads\/2024\/09\/avis-de-consultation-N08FGMGP2024-scaled.jpg\" data-type=\"URL\" data-id=\"http:\/\/fgmgp.usthb.dz\/wp-content\/uploads\/2024\/09\/avis-de-consultation-N08FGMGP2024-scaled.jpg\" target=\"_blank\" rel=\"noreferrer noopener\">cliquant-ici<\/a>.   <\/p>\n","protected":false},"excerpt":{"rendered":"<p>La facult\u00e9 de G\u00e9nie M\u00e9canique et de G\u00e9nie des Proc\u00e9d\u00e9s (GM\/GP) lance une consultation, relative \u00e0 l&#8217;acquisition de mat\u00e9riel, fourniture <span class=\"readmore\"><a href=\"https:\/\/fgmgp.usthb.dz\/index.php\/avis-de-consultation-n08-fgmgp-2024\/\">Suite<\/a><\/span><\/p>\n","protected":false},"author":1,"featured_media":0,"parent":0,"menu_order":0,"comment_status":"closed","ping_status":"closed","template":"","meta":{"footnotes":""},"class_list":["post-1930","page","type-page","status-publish","hentry"],"_links":{"self":[{"href":"https:\/\/fgmgp.usthb.dz\/index.php\/wp-json\/wp\/v2\/pages\/1930","targetHints":{"allow":["GET"]}}],"collection":[{"href":"https:\/\/fgmgp.usthb.dz\/index.php\/wp-json\/wp\/v2\/pages"}],"about":[{"href":"https:\/\/fgmgp.usthb.dz\/index.php\/wp-json\/wp\/v2\/types\/page"}],"author":[{"embeddable":true,"href":"https:\/\/fgmgp.usthb.dz\/index.php\/wp-json\/wp\/v2\/users\/1"}],"replies":[{"embeddable":true,"href":"https:\/\/fgmgp.usthb.dz\/index.php\/wp-json\/wp\/v2\/comments?post=1930"}],"version-history":[{"count":14,"href":"https:\/\/fgmgp.usthb.dz\/index.php\/wp-json\/wp\/v2\/pages\/1930\/revisions"}],"predecessor-version":[{"id":1999,"href":"https:\/\/fgmgp.usthb.dz\/index.php\/wp-json\/wp\/v2\/pages\/1930\/revisions\/1999"}],"wp:attachment":[{"href":"https:\/\/fgmgp.usthb.dz\/index.php\/wp-json\/wp\/v2\/media?parent=1930"}],"curies":[{"name":"wp","href":"https:\/\/api.w.org\/{rel}","templated":true}]}}