{"id":279,"date":"2022-03-14T09:41:42","date_gmt":"2022-03-14T09:41:42","guid":{"rendered":"http:\/\/193.194.89.196\/?page_id=279"},"modified":"2026-01-22T09:38:13","modified_gmt":"2026-01-22T09:38:13","slug":"departement-de-science-des-materiaux","status":"publish","type":"page","link":"https:\/\/fgmgp.usthb.dz\/index.php\/departement-de-science-des-materiaux\/","title":{"rendered":"D\u00e9partement  de Science Des Mat\u00e9riaux"},"content":{"rendered":"\n<div class=\"wp-block-group\"><div class=\"wp-block-group__inner-container is-layout-flow wp-block-group-is-layout-flow\">\n<h3 class=\"wp-block-heading\"> &nbsp;Les Secteurs \u00e9conomiques et domaines d\u2019activit\u00e9s sont&nbsp;: <\/h3>\n\n\n\n<ul class=\"wp-block-list\">\n<li>Tous les secteurs li\u00e9s aux mat\u00e9riaux (Construction automobile, a\u00e9ronautique ou ferroviaire, sid\u00e9rurgie, plasturgie, m\u00e9tallurgie, etc.)<\/li>\n\n\n\n<li>Tous les secteurs li\u00e9s aux \u00e9nergies renouvelables (Solaire photovolta\u00efque et thermique, fili\u00e8re Hydrog\u00e8ne, \u00e9olien, production d\u2019\u00e9nergie, d\u00e9veloppement durable, etc.)<\/li>\n<\/ul>\n<\/div><\/div>\n\n\n\n<div class=\"wp-block-group\"><div class=\"wp-block-group__inner-container is-layout-flow wp-block-group-is-layout-flow\">\n<h3 class=\"wp-block-heading\">Chef du d\u00e9partement <\/h3>\n\n\n\n<p>Docteur <strong>BOUZEGZI NOUREDINE.<\/strong><\/p>\n\n\n\n<p>Le d\u00e9partement offre \u00e0 ces \u00e9tudiant une Licence et 04 Master: <\/p>\n\n\n\n<ul class=\"wp-block-list\">\n<li><a href=\"\/wp-content\/uploads\/2022\/03\/licence_gm.pdf\" target=\"_blank\" rel=\"noreferrer noopener\">Licence en G\u00e9nie des Mat\u00e9riaux<\/a><\/li>\n\n\n\n<li><a href=\"\/wp-content\/uploads\/2022\/03\/master_gm.pdf\" target=\"_blank\" rel=\"noreferrer noopener\">Master en G\u00e9nie des Mat\u00e9riaux<\/a><\/li>\n\n\n\n<li><a href=\"\/wp-content\/uploads\/2022\/03\/master_ims.pdf\" target=\"_blank\" rel=\"noreferrer noopener\">Master en Ing\u00e9nierie des Mat\u00e9riaux et des Surfaces<\/a><\/li>\n\n\n\n<li><a href=\"\/wp-content\/uploads\/2022\/03\/master_tmpf.pdf\" target=\"_blank\" rel=\"noreferrer noopener\">Master en Technologie des Mat\u00e9riaux et Proc\u00e9d\u00e9s de Fabrication<\/a><\/li>\n\n\n\n<li>Master en Expertise et Contr\u00f4le des Mat\u00e9riaux <\/li>\n<\/ul>\n<\/div><\/div>\n\n\n\n<p><\/p>\n","protected":false},"excerpt":{"rendered":"<p>&nbsp;Les Secteurs \u00e9conomiques et domaines d\u2019activit\u00e9s sont&nbsp;: Chef du d\u00e9partement Docteur BOUZEGZI NOUREDINE. Le d\u00e9partement offre \u00e0 ces \u00e9tudiant une <span class=\"readmore\"><a href=\"https:\/\/fgmgp.usthb.dz\/index.php\/departement-de-science-des-materiaux\/\">Suite<\/a><\/span><\/p>\n","protected":false},"author":1,"featured_media":478,"parent":0,"menu_order":0,"comment_status":"closed","ping_status":"closed","template":"","meta":{"footnotes":""},"class_list":["post-279","page","type-page","status-publish","has-post-thumbnail","hentry"],"_links":{"self":[{"href":"https:\/\/fgmgp.usthb.dz\/index.php\/wp-json\/wp\/v2\/pages\/279","targetHints":{"allow":["GET"]}}],"collection":[{"href":"https:\/\/fgmgp.usthb.dz\/index.php\/wp-json\/wp\/v2\/pages"}],"about":[{"href":"https:\/\/fgmgp.usthb.dz\/index.php\/wp-json\/wp\/v2\/types\/page"}],"author":[{"embeddable":true,"href":"https:\/\/fgmgp.usthb.dz\/index.php\/wp-json\/wp\/v2\/users\/1"}],"replies":[{"embeddable":true,"href":"https:\/\/fgmgp.usthb.dz\/index.php\/wp-json\/wp\/v2\/comments?post=279"}],"version-history":[{"count":15,"href":"https:\/\/fgmgp.usthb.dz\/index.php\/wp-json\/wp\/v2\/pages\/279\/revisions"}],"predecessor-version":[{"id":3299,"href":"https:\/\/fgmgp.usthb.dz\/index.php\/wp-json\/wp\/v2\/pages\/279\/revisions\/3299"}],"wp:featuredmedia":[{"embeddable":true,"href":"https:\/\/fgmgp.usthb.dz\/index.php\/wp-json\/wp\/v2\/media\/478"}],"wp:attachment":[{"href":"https:\/\/fgmgp.usthb.dz\/index.php\/wp-json\/wp\/v2\/media?parent=279"}],"curies":[{"name":"wp","href":"https:\/\/api.w.org\/{rel}","templated":true}]}}